 of 3 - c*(-2 + 4)?
3
Let d be (2 + -1 + -1)/(-1). Let h = 3 - d. What is the units digit of h?
3
Suppose -1 = -5*j + 154. What is the tens digit of j?
3
Let r be (-7)/((-14)/48) + -3. Suppose 5*o - 29 + 84 = 0. Let a = r + o. What is the units digit of a?
0
Suppose -2*s + 5*h = 17, -4*h = h - 25. Suppose s*b = b + 90. What is the units digit of b?
0
Suppose -i + 1 = -2. Suppose -4 = q - i*q. What is the units digit of q?
2
Suppose 24 = 4*l - 8. Let u = -2 + l. What is the units digit of u?
6
Let n(s) = 0 - 3 + 4 - 5 + s**2 - 2*s. Let u be n(4). Let c = 8 - u. What is the units digit of c?
4
Suppose 4*y - y + 3*i - 39 = 0, -3*y + 41 = 5*i. What is the tens digit of y/(-6) - (-24 + 2)?
2
Let g = -56 + 61. Suppose -s = -2, 248 - 620 = -5*b - s. Suppose -4 + b = g*f. What is the tens digit of f?
1
Let w(d) = -d**2 + 5*d + 3. Let x be w(4). Let g = x + -13. Let o(n) = -n**2 - 7*n - 2. What is the units digit of o(g)?
4
Let u = -11 + 18. Let v = u + -8. Let x = v + 2. What is the units digit of x?
1
Let t(g) = -g**2 + 4. Let h(f) = -6*f. Let c(q) = q. Let a(s) = 5*c(s) + h(s). Let k(d) = -2*a(d) - t(d). What is the units digit of k(-4)?
4
Let w = 3 + 2. Let i(z) = -z. Let f be i(0). Suppose 2*p - 5 - w = f. What is the units digit of p?
5
Let j = -47 - -92. What is the tens digit of j?
4
Suppose 5*x + 18 = 2*x. Let k = x + 2. Let i(b) = b**3 + 4*b**2 - 4*b - 6. What is the tens digit of i(k)?
1
Suppose m + 2*x - 5*x = 14, 0 = -4*x - 20. Let k(f) = -6*f - 6*f - 1 + 0*f. What is the tens digit of k(m)?
1
Let y(o) = -4*o**2 - o - 3*o - 3 - o**3 + 0. Suppose 5*l + 73 = 53. What is the units digit of y(l)?
3
Let g be ((-2)/(-4))/(1/4). Suppose -g*z - z = -3. What is the units digit of z?
1
Suppose 10 = k + k. Suppose 0 = -9*x + 4*x + k. Let s = 9 - x. What is the units digit of s?
8
Suppose -9*g - 2*w = -4*g - 168, -63 = -2*g - 5*w. What is the tens digit of g?
3
Suppose -m + 7 + 13 = 0. What is the tens digit of m?
2
Suppose -u + 2*c = -41, 3*u - 4*u - 5*c = -27. What is the tens digit of u?
3
What is the tens digit of 38 + 1*(-4 - -6)?
4
Let q(r) = r**3 + 15*r**2 + 26*r - 12. What is the hundreds digit of q(-9)?
2
Suppose -10*m = -12*m + 4. Suppose 0 = x + m*x - 123. What is the units digit of x?
1
Let h(f) = 7*f**3 - 8*f**2 + 10*f + 8. Let g(l) = 3*l**3 - 4*l**2 + 5*l + 4. Let q(y) = 5*g(y) - 2*h(y). What is the tens digit of q(4)?
2
Let k(z) = -2*z - 1. Let f be k(-3). Suppose 2*w + 3 - f = 0. What is the units digit of w?
1
Suppose 3*u + 2*u = 965. What is the units digit of u?
3
Let u(z) = -z - 3. Suppose 0 = -x - 4 + 1. Let k be u(x). Suppose k = 3*d - 15 - 0. What is the units digit of d?
5
Let w be 2/(-5) - (-202)/5. Suppose 3*b - w = -1. What is the tens digit of b?
1
Suppose 5 = 5*g, 4*z + g - 1463 = 2*g. What is the units digit of z?
6
Suppose w - 1 = 0, -j - 4*j + 4*w + 346 = 0. What is the units digit of j?
0
Suppose 2*c = 4*q + 12, -5*c = 3*q + 2 - 19. Suppose 0 = 3*f - f - c. Suppose -8 = -3*a + f*a. What is the units digit of a?
8
Suppose 2*l - 4*h = 0, 0 = l + h - 0*h. Let n(u) = u**3 - u**2 + u + 3. Let t be n(l). Let c = t + -1. What is the units digit of c?
2
Let b(d) be the third derivative of -1/60*d**5 - 3*d**2 + 0*d + 1/3*d**3 + 7/24*d**4 + 0. What is the units digit of b(7)?
2
Suppose 255 = 9*r - 4*r. What is the tens digit of r?
5
Let w(t) = 3*t**2 + 6*t + 8. What is the units digit of w(-5)?
3
Let c(y) = -4*y**3 - 2*y**2 - 2*y - 3. What is the tens digit of c(-2)?
2
Suppose -4*p + 17 = 45. Let r(v) = -v**3 - 7*v**2 - v - 1. What is the units digit of r(p)?
6
Suppose c = 3*c - 54. What is the units digit of c?
7
Suppose 5*n + 0*p = -3*p - 29, 2*n = 2*p - 2. What is the units digit of -9*n/3 + 1?
3
What is the units digit of 257/3 + (-42)/63?
5
Let m(k) = 69 - 68 - 2*k**3 + 0*k**3. Suppose 2 = -0*s - s. What is the tens digit of m(s)?
1
Suppose -29 = -4*j + 71. What is the units digit of j?
5
Let g(f) = f**2 - 5*f - 4. Let q be g(6). Let a(j) be the second derivative of j**3/6 - 2*j. What is the units digit of a(q)?
2
Suppose 0 = -3*v - v - 24. What is the units digit of 1/(-2) - 111/v?
8
Let z(u) = 5*u + 16 + 2*u - 6*u. What is the tens digit of z(0)?
1
Suppose 176 = -0*z + 4*z. What is the tens digit of z?
4
Suppose -4*b + g + 218 = 0, -5 = b + 5*g - 49. Suppose 4*n - b = n. What is the tens digit of n?
1
Suppose 3*o - 382 = 4*g + 219, -1025 = -5*o - 5*g. What is the units digit of o?
3
Let g = 11 - 8. Let v(s) = -3*s + g*s + 2*s - 5. What is the tens digit of v(9)?
1
Let n(y) = -y**3 + 9*y**2 + 8*y + 8. Let v be n(8). Suppose 0 = -3*t + x - v, 4*t + 2*x + 238 = 40. What is the units digit of t/(-5) - 4/10?
9
Suppose 3*f - 290 = -2*f. What is the units digit of f?
8
Suppose j + 47 = q + 4*j, -q + 43 = 4*j. What is the tens digit of q?
5
Suppose -3*y + 63 = 4*v, 2*y + 5*v - 53 = -18. Suppose o - 52 = y. What is the tens digit of o/5 + 6/10?
1
Let n(f) be the second derivative of f**4/12 - f**3/6 + f**2/2 - 5*f. What is the tens digit of n(6)?
3
Suppose s + 6 = -s, 0 = v - 4*s - 38. Suppose -n + 3*o = -5*n + 35, -5*o = -n + v. What is the tens digit of n?
1
Suppose -2*q + 3*z + 169 = -0*q, 0 = -3*q + z + 236. Suppose -2*y = -3*c + q, -5*c + 4*y + 140 = 3*y. What is the tens digit of c?
2
Suppose 4*o + 5*o - 1026 = 0. What is the tens digit of o?
1
Suppose -700 = 19*q - 24*q. What is the tens digit of q?
4
Let q = -271 + 546. What is the units digit of q?
5
Let j(l) be the third derivative of -11*l**4/24 + l**3/6 - 2*l**2. What is the units digit of j(-1)?
2
Suppose -2*b = 7*b - 909. What is the hundreds digit of b?
1
Suppose o + 5*p + 4 = -0*p, -48 = -3*o + 5*p. Suppose 4*i = -o + 87. What is the tens digit of i?
1
Suppose c = -n + 359, -5*c - 374 = 3*n - 2163. What is the tens digit of c?
5
Let t(b) = -b**2 - 6*b - 2. Let k be t(-5). Suppose -k*i - 50 = -5*i. What is the units digit of i?
5
Suppose 0 = 2*x - 4*r + 6 - 630, -5*r = -3*x + 938. What is the hundreds digit of x?
3
Let t(k) = -k. Let b be t(-4). What is the units digit of b/((-8)/(-18)) + -1?
8
What is the tens digit of ((-270)/25)/((-3)/50)?
8
Suppose 0 = -4*f + 3*f + 2. Suppose -3*s - 3*a = -15, -6*s + 22 = -3*s - 4*a. Suppose -s = -q + f. What is the units digit of q?
8
Let k(a) = a**3 + 7*a**2 + a + 1. Let h be k(-6). Let u(d) = d**3 - 7*d**2 - 13*d + 1. Let s be u(9). Let o = s - h. What is the tens digit of o?
1
Let v = 12 - 17. Let z(j) = -j**2 - 7*j - 4. What is the units digit of z(v)?
6
Let k(u) = u**2 + 4*u + 7. What is the units digit of k(-4)?
7
Let d = 41 + -24. Suppose g - 10 - 11 = 5*t, -g + 4*t + d = 0. What is the units digit of g?
1
Suppose 0 = -5*y - 2*j - 2*j + 708, 5*y - j = 698. What is the tens digit of y?
4
Suppose 0*w + 28 = 2*w. What is the units digit of (-12)/(-7) + 4/w?
2
Suppose -u - 5 = -4*u - 5*r, -3*r = 6. Let m = 3 + u. What is the units digit of m?
8
Let j = 26 - -31. Let o be j/(-11) + (-2)/(-11). Let t(h) = -h**2 - 6*h - 4. What is the units digit of t(o)?
1
Let q be (4 - 4) + (-7)/(-1). Let n = 19 - q. What is the units digit of n?
2
Let b = -1 + 4. Suppose b*p - 27 - 12 = 0. What is the units digit of p?
3
Let i be -6*(-5)/(20/8). Suppose -m + 13 = -i. What is the tens digit of m?
2
Suppose -352 = -2*t - 2*t. Let p = -62 + t. What is the units digit of p?
6
Let t(y) be the first derivative of -y**3/3 + 3*y**2 + 8*y - 1. What is the units digit of t(4)?
6
Let j be ((-44)/8)/((-2)/(-16)). Let n = j - -66. What is the units digit of n?
2
Let r(w) = 3*w - w**2 - 2 - 1 + 5 + 3*w. Let z be r(6). Suppose 4*i + 14 = 4*x - 18, 3*x - z*i - 24 = 0. What is the units digit of x?
8
Let a(h) = 117*h**2 - h - 2. What is the hundreds digit of a(-1)?
1
Suppose 0 = 5*g - 2*r - 1303, 3*g - 3*r + 1024 = 7*g. What is the units digit of g?
9
Let r be (2 + -2 - 1) + 7. Let d be (-15)/r*(-8)/5. What is the units digit of (-9 + 1)*(-3)/d?
6
Let c be (15/3 - -1)/(-1). Let t(o) = -o**3 - 5*o**2 - 3*o - 9. Let g be t(c). Suppose -5*f + g = -5*i, -4*i = 2*f - 5 + 17. What is the units digit of f?
4
Suppose 5*t + 5*v - 260 = 0, 4*v + 116 = 3*t - 26. Suppose k + k - 23 = -y, 2*y + 3*k = t. What is the units digit of y?
1
Suppose 0 = -4*r - r - 20. Let q be (-1 - -5)*(-2)/r. Let z = 13 - q. What is the tens digit of z?
1
Suppose -2*l - 2*l = -16. Suppos